094 and 505351302.
2094
Calculate the highest common factor of 27247427 and 8168.
1021
What is the highest common divisor of 8064 and 684?
36
What is the greatest common factor of 55 and 2559665?
5
What is the highest common divisor of 848 and 641348?
4
What is the highest common factor of 652295 and 3465?
35
What is the highest common divisor of 2852 and 1698780?
92
Calculate the highest common factor of 110 and 16730054.
22
Calculate the greatest common divisor of 814 and 3451767.
407
What is the highest common divisor of 2992655 and 203?
29
What is the highest common divisor of 162525802 and 58?
58
What is the greatest common factor of 3410411 and 25894?
107
Calculate the highest common divisor of 573672 and 165.
33
What is the highest common factor of 9 and 36046761?
3
What is the highest common divisor of 2225920 and 760?
40
Calculate the greatest common factor of 2990016 and 7160.
1432
Calculate the greatest common factor of 474139 and 56726.
251
Calculate the highest common factor of 7434 and 367253229.
1239
What is the highest common divisor of 6767542 and 943?
41
Calculate the greatest common divisor of 32896 and 9732224.
128
Calculate the highest common factor of 900 and 24294852.
36
Calculate the highest common divisor of 8746 and 569.
1
Calculate the greatest common factor of 307782374 and 5758.
5758
Calculate the highest common factor of 15 and 105846507.
3
What is the highest common divisor of 78032583 and 115?
23
Calculate the highest common divisor of 669201324 and 178.
178
What is the highest common divisor of 748932 and 2780?
556
Calculate the highest common factor of 81 and 1694053.
1
Calculate the greatest common divisor of 54992080 and 1472.
368
What is the greatest common divisor of 223733 and 18091?
229
What is the greatest common factor of 1235452 and 12556?
292
What is the greatest common factor of 4884 and 15513432?
132
Calculate the highest common divisor of 4140 and 253710.
90
Calculate the greatest common factor of 69480 and 580.
20
What is the greatest common factor of 72504 and 715008?
456
Calculate the highest common divisor of 35462400 and 150.
150
Calculate the greatest common divisor of 374460 and 3020.
20
Calculate the greatest common factor of 167655 and 45.
15
What is the greatest common factor of 3768 and 754536?
24
Calculate the greatest common factor of 1811318036 and 2266.
2266
Calculate the greatest common divisor of 3640 and 920500.
140
What is the greatest common factor of 1127 and 1553291131?
1127
Calculate the greatest common factor of 498427 and 62567.
703
What is the greatest common factor of 19 and 50037697?
19
Calculate the greatest common factor of 1104660 and 25.
5
What is the greatest common divisor of 7284 and 541444?
2428
Calculate the greatest common factor of 16591 and 241099.
353
What is the greatest common divisor of 5 and 48437932?
1
What is the highest common factor of 2288 and 285912?
88
Calculate the highest common factor of 62451579 and 141.
141
What is the highest common divisor of 993213 and 79599?
507
Calculate the greatest common divisor of 1394419 and 2676.
223
What is the greatest common divisor of 46 and 10979004?
46
Calculate the greatest common divisor of 10542483 and 2898.
63
What is the highest common factor of 26901 and 30843?
9
Calculate the greatest common factor of 39105 and 47084.
79
What is the greatest common factor of 85839 and 2529228?
1209
Calculate the highest common factor of 26026 and 1716.
286
What is the greatest common divisor of 146 and 2926862?
146
What is the highest common factor of 12593529 and 351?
351
Calculate the greatest common divisor of 64571 and 134143769.
4967
What is the highest common divisor of 452646 and 1080?
18
Calculate the greatest common divisor of 490960 and 376.
8
What is the highest common divisor of 9648 and 5783976?
4824
Calculate the highest common factor of 1377 and 83742.
51
Calculate the highest common factor of 270 and 470190.
30
Calculate the highest common factor of 8262 and 320127.
51
What is the highest common divisor of 3971090 and 48240?
670
Calculate the greatest common divisor of 1150 and 12281448.
46
Calculate the greatest common factor of 414727237 and 115.
23
Calculate the highest common divisor of 11543059 and 94.
47
Calculate the highest common divisor of 80851731 and 873.
291
Calculate the greatest common factor of 32010 and 30525.
165
What is the greatest common divisor of 185 and 56092259?
37
Calculate the greatest common divisor of 2212825 and 1525.
25
Calculate the highest common divisor of 51 and 5091823.
17
Calculate the greatest common divisor of 37153 and 1824002.
701
Calculate the highest common factor of 5074758 and 65.
13
Calculate the highest common factor of 105 and 19745915.
35
What is the greatest common factor of 91 and 11507811?
7
Calculate the highest common factor of 8 and 6116776.
8
Calculate the greatest common divisor of 286 and 31328.
22
What is the highest common factor of 15098930 and 990?
110
Calculate the greatest common factor of 4434276 and 132.
132
Calculate the greatest common factor of 5429 and 597279.
89
What is the highest common divisor of 8996316 and 8694?
42
What is the highest common factor of 2790 and 14886045?
1395
Calculate the highest common divisor of 220921 and 81728.
1277
What is the greatest common factor of 2852 and 12747727?
713
Calculate the greatest common factor of 6972 and 2350656.
84
What is the highest common factor of 4313979 and 2952?
369
Calculate the greatest common divisor of 8381 and 6661619.
29
What is the greatest common factor of 4724346 and 40326?
3102
What is the greatest common factor of 10258 and 686366?
46
What is the highest common factor of 5368 and 16062398?
1342
Calculate the highest common divisor of 12568899 and 323.
323
Calculate the highest common divisor of 26475180 and 128040.
5820
What is the highest common divisor of 40 and 6984912?
8
Calculate the greatest common factor of 724412 and 6591.
13
Calculate the greatest common factor of 2557772 and 686203.
1169
Calculate the greatest common divisor of 3408689 and 319.
29
What is the highest common divisor of 96 and 344486388?
12
What is the greatest common divisor of 14472 and 37263792?
1608
What is the greatest common factor of 2054 and 1845226305?
1027
What is the highest common divisor of 35687 and 303403?
127
Calculate the greatest common divisor of 3 and 11000869.
1
What is the highest common divisor of 1079 and 30840061?
83
What is the highest common divisor of 10050 and 115636305?
1005
Calculate the greatest common factor of 450 and 1009782.
18
What is the highest common divisor of 2978960 and 2530?
230
What is the highest common factor of 14847 and 2?
1
What is the highest common divisor of 260 and 479752?
52
Calculate the greatest common factor of 2299152 and 12.
12
Calculate the highest common divisor of 2960 and 17171848.
296
What is the highest common factor of 5417413 and 24139?
239
What is the greatest common divisor of 62 and 298598758?
62
Calculate the highest common factor of 18420049 and 1803.
601
What is the greatest common factor of 253 and 710468?
11
What is the greatest common divisor of 113686664 and 7644?
2548
What is the highest common factor of 11697 and 4133848467?
11697
What is the greatest common divisor of 363 and 65469?
3
Calculate the highest common divisor of 820512 and 704.
352
Calculate the greatest common divisor of 755753810 and 1204.
602
Calculate the highest common factor of 915 and 1757837.
61
Calculate the greatest common factor of 11525 and 9487841.
461
What is the greatest common divisor of 23498 and 17112?
62
Calculate the highest common factor of 2544 and 2239621.
53
Calculate the highest common divisor of 91476 and 356832.
756
Calculate the highest common divisor of 15 and 19093785.
15
Calculate the greatest common factor of 361830823 and 815.
163
Calculate the highest common divisor of 232433 and 309.
1
Calculate the highest common factor of 28170188 and 6330.
422
Calculate the greatest common factor of 4215 and 121486697.
281
Calculate the highest common divisor of 242 and 32090047.
121
What is the highest common factor of 515571 and 1071?
21
What is the greatest common divisor of 139764 and 948?
12
What is the greatest common div